d**5 - 4/3*d**3 + 0. Calculate k(-6).
22
Suppose 2*m + 3*m - 2*p + 91 = 0, -3*m + p - 54 = 0. Let c(h) = 12*h - 11*h + 12 + 11. What is c(m)?
6
Let j = -454 - -552. Let q(i) = -99*i - 97*i - j*i + 295*i - 11*i**3. Give q(-1).
10
Let i(u) = 13*u**3 + 7*u**2 + 17*u + 16. Let y be i(-1). Let v(o) = 5*o - 18. Calculate v(y).
-53
Let n = 265 - 265. Let s(z) = -4*z + 18*z**2 - 17*z**2 + 8 + 5*z. Give s(n).
8
Suppose -43 = -6*i - 25. Let o(n) = -6*n**2 - 6 + 7 - n**i + 3*n - 6 - 9*n. What is o(-4)?
-13
Suppose -2*k + 59 = -f, 0 = 3*k - 133*f + 130*f - 102. Let d(q) = q**3 - 27*q**2 + 49*q + 37. What is d(k)?
12
Let j(r) = 8*r**2 + 3*r - 7*r**2 + 16*r**2 + 4 + r**3 - 13*r**2. Suppose -3*i = -16 - 2. Suppose i*l - 7*l = 3. What is j(l)?
4
Let c(d) = -4*d**3 + d**2 + 4*d + 3. Suppose 28557*i = 28541*i - 48. What is c(i)?
108
Suppose -6 = -13*l + 59. Let w(y) = 4*y + 0*y + 1 + 1 - 1. Let s(m) = -8*m - 2. Let i(j) = -2*s(j) - 5*w(j). Calculate i(l).
-21
Let a(u) = u**2 - 7*u + 2. Let j(x) = -x**2 + 15*x - 49. Let p be -2 + -1*(-1 + (-10 - -1)). Let c be j(p). Calculate a(c).
2
Suppose -6*u - 20 = 4. Let f(h) = -h**2 - 2*h + 14. Calculate f(u).
6
Let c(k) be the second derivative of k**3/3 + 9*k**2 + 48*k. Give c(-7).
4
Let f(k) = -k**2 - k + 3. Suppose 11*x - 22 = 11. Let d(w) = -w**2 + 12. Let r be d(x). Suppose 0 = r*q + 6*i - 3*i + 21, 2*i + 2 = 2*q. What is f(q)?
-3
Let u(r) = 0 + 2 - 10 - 27 + 193*r - 198*r. Let m(t) = 2*t + 17. Let a(y) = -9*m(y) - 4*u(y). Calculate a(6).
-1
Let j(x) be the third derivative of -x**5/12 + 17*x**4/24 - x**3/2 + 6*x**2 + 27. What is j(4)?
-15
Let m(c) = 38*c - 4. Let t(a) = -160*a + 1119. Let n be t(7). Give m(n).
-42
Suppose 5*t + i + 49 = 68, -2*i + 8 = 0. Let z(l) = 5*l - 7. Calculate z(t).
8
Let a(f) be the second derivative of -f**5/20 - f**4/3 - f**3/6 - 8*f + 6. Suppose 0 = -2*v + 6*v + 8. Determine a(v).
-6
Suppose -4*f + 4*o = -36, -2*f + 6 = 5*o + 23. Suppose -50 = -f*w - 18. Let q(p) = -p**2 + 9*p - 14. Give q(w).
-6
Let o(x) = 26*x**2 - 47*x**2 - 3*x + 20*x + 20*x**2 - 21 + x. What is o(16)?
11
Let q(h) = 2*h**3 - 13*h**2 + h - 8. Let x(g) = 2*g**3 - 11*g**2 + g - 6. Let p(c) = -4*q(c) + 5*x(c). Suppose 4*m + 0*m = 12. Let v = -1 + m. Give p(v).
8
Suppose -8*c + 15 = -5*c. Suppose 5*i + 43 = -q - q, -25 = c*i. Let v(r) = r + 15. Let f(y) = -1. Let w(d) = -4*f(d) - v(d). Calculate w(q).
-2
Let f(h) be the third derivative of 0 + 0*h - 1/24*h**4 + 121*h**2 + 1/2*h**3. Calculate f(-1).
4
Let n(j) = 12*j + 74. Let q(w) = -24*w - 117. Let o(u) = 5*n(u) + 3*q(u). Determine o(2).
-5
Let b(z) = -z**3 + 6*z**2 + 7*z + 2. Let x(q) = 30*q**2 + 391*q + 20. Let g be x(-13). Calculate b(g).
2
Let r = -89 + 55. Suppose 0 = -u - 5*q - 20, 15*u - 17*u - 66 = -3*q. Let v = r - u. Let d(j) = j**3 + 3*j**2 - 7*j - 6. What is d(v)?
6
Let l(f) = f**2 + 5*f + 3. Let a be l(-3). Let r(n) = -5*n**3 + 6*n**2 + 6. Let m(y) = -33*y**3 + 37*y**2 - y + 40. Let v(j) = 2*m(j) - 13*r(j). Determine v(a).
-1
Suppose 5 - 83 = -13*x. Let a(y) = -11*y + 70. Calculate a(x).
4
Let i(o) = 4*o**2 - 115*o - 22. Let s be i(29). Let b = -6 - -10. Let h(d) = 1 - 2 - b + 2*d - 2. Determine h(s).
7
Suppose -11*h - 21*h + 64 = 0. Let r(k) = -11 + k**h - 4*k - 6*k + 0*k**2 + 25. What is r(9)?
5
Let u(h) be the first derivative of -1/12*h**4 + h**3 - 3/2*h**2 + 17*h - 5. Let x(v) be the first derivative of u(v). Give x(7).
-10
Let d(r) = -6*r + 17. Let h(y) = -y**2 + 2*y - 2. Let z(t) = d(t) + 2*h(t). Let j be z(-3). Let m(w) = -2*w. Determine m(j).
-2
Let n(d) = d**2 - 114*d + 1315. Let t be n(13). Let m(y) be the second derivative of -5/6*y**3 + 0 - 1/12*y**4 - 26*y - 5/2*y**t. Give m(-4).
-1
Let k = 8754 - 8753. Let t(q) = -q**2 + 6*q - 4. What is t(k)?
1
Let f(d) be the second derivative of -d**6/180 + d**5/15 - d**4/3 + 257*d**3/6 - 93*d. Let s(p) be the second derivative of f(p). Calculate s(4).
-8
Let z = 62 - 59. Suppose -15 = -3*d + 5*u, z*d - 12*u + 10*u - 15 = 0. Suppose 0 = i - d*i - 8. Let c(v) = v**3 - v**2 + 2*v + 3. Determine c(i).
-13
Suppose -5*t + 15 = 0, 0 = l - 4*t - t + 58. Let i = -46 - l. Let m be 0 + -3*(6/i)/2. Let r(f) = f**3 - 2*f**2 + 3*f - 4. Determine r(m).
14
Let h(o) = o**3 - 9*o**2 - 4*o - 6. Let r be 60/40*((-60)/(-9))/1. Calculate h(r).
54
Let y(s) = -5*s**2 - 14*s + 100. Let t be y(-6). Let l(a) = -a**2 + 7*a - 9. Give l(t).
3
Let g be (6/(-2))/(6/8). Let m(j) = 21*j - 430. Let a be m(21). Let q be (g/(-6))/(a/(-66)). Let l(r) = -r**2 - 5*r - 1. What is l(q)?
3
Let i = 184 + -180. Let c be ((0 + 2)/i)/((-4)/(-32)). Let g(l) = l + 3. Give g(c).
7
Let y(n) = 1 + 9*n**3 - 365*n**2 + 363*n**2 + 123*n - 125*n. Give y(2).
61
Suppose 350*n - 411*n - 75 - 108 = 0. Let o(f) = -5*f**2 - f - 4. Let v(j) = -j**2 - j. Let m(l) = o(l) - 6*v(l). Give m(n).
-10
Let m(h) = 7*h**2 - 19. Let y(q) = 4*q**2 + 5*q**2 - q**2 - 9 - q**2 - 4*q**2 + q. Let o(p) = 2*m(p) - 5*y(p). Determine o(-5).
7
Suppose 0 = 3*k - 4*f + 39, 23*k - 20*k - 3 = -3*f. Let a(h) = 3*h**2 - 16*h - 11. Let q(g) = -2*g**2 + 8*g + 6. Let v(u) = -3*a(u) - 5*q(u). Calculate v(k).
-12
Let k(j) = -28*j**2 - 228*j - 73. Let d(t) = -13*t**2 - 104*t - 36. Let r(z) = 13*d(z) - 6*k(z). What is r(14)?
-2
Let a(o) = -o**3 + o**2 - o. Let j be 8/(-10)*(-14)/((-98)/(-35)). Let b(v) = 3*v**3 - 12*v**2 + 4*v + 10. Let q(d) = j*a(d) + b(d). Determine q(-8).
10
Let m(v) = -2*v. Let z(i) = 20 - 30*i**2 + i**3 + 9*i + 12*i**2 + 7*i. Suppose -530 = 163*k - 1272 - 2029. Let n be z(k). Give m(n).
-6
Let g(y) = -83*y**3 - 56*y**2 - 33*y + 45. Let x(v) = 15*v**3 + 11*v**2 + 7*v - 9. Let q(w) = -2*g(w) - 11*x(w). Let n = 3 + 8. Let l = 21 - n. Calculate q(l).
-1
Let t(u) = 4*u + 11. Let n be ((-660)/220)/(7/(-5) + 2). What is t(n)?
-9
Suppose 2*l - 13 = -1. Suppose -4*i - l = -5*i. Let n(d) = -74474 - 3*d**3 + 4*d**3 - 4*d - 74480 - 5*d**2 + 148949. Determine n(i).
7
Let j(n) = -n**2 - 8*n - 8. Let h = 52 - 54. Let o be (h + 6)/(-4)*36. Let p = -44 - o. Determine j(p).
-8
Let b(y) be the first derivative of -y**5/20 - 2*y**4/3 + 2*y**3/3 + 2*y**2 - 195*y + 201. Let k(z) be the first derivative of b(z). What is k(-8)?
-28
Let c(i) = 8*i - 36 + 163 + 49 - 23. Determine c(-18).
9
Let u(b) = -b - 5. Let c be (-3)/2 + (-15)/6. Let q be c/8*7*2. Calculate u(q).
2
Let d(g) = g + 7. Let q = 91 - 97. Let r = -1 + q. Let f be -11*6/14 + 2/r. Determine d(f).
2
Let g(l) = -l + 1. Let x be 135/30 + (-3)/2. Suppose x*m + 4 - 8 = 2*d, -6 = 3*d - m. Let z be -2 - (-3)/d*-4. Calculate g(z).
-3
Let g be 888/60*(1 + 4). Let h = g + -72. Let l(n) = 15 - 2*n - 2 + 5*n**h - 10. Determine l(2).
19
Let m(t) = -t**2 - 6*t - 5. Suppose -2*s - 31 = 3*r, -5*s - 19 = -3*r + 4*r. Let l be ((-3)/r)/((-2)/(-72)). Suppose -z + l = -3*z. Give m(z).
-5
Let y(h) = 2*h + 2. Suppose 0 = -6*z - z + 140. Suppose -z*b + 20 = -24*b. What is y(b)?
-8
Let n(s) be the first derivative of -s**3/3 - s**2 + 4*s - 1. Let c = 5089 - 5093. Determine n(c).
-4
Let s be 2/((((-4)/2)/1)/(10 - 4)). Let v(w) = -5*w - 16. Calculate v(s).
14
Let b(n) = -5*n + 32. Suppose -83*g - 64*g = -735. Determine b(g).
7
Let n be (6/(-15))/((-3)/45). Let g(j) = -37 - 37 + 3*j - 30 + 99 - 5*j. Give g(n).
-17
Let v(u) = -3*u - 3. Suppose -4*o + 455 = 271. Suppose 28 = 9*w + o. Determine v(w).
3
Let u(j) = -j**2 + 14*j - 9. Let z = -14762 + 14772. Give u(z).
31
Let s(y) be the first derivative of y**4/4 - 4*y**3/3 - 8*y**2 + 53*y + 5288. Calculate s(6).
29
Let y(o) = 14*o**3 - 34*o**2 - 90*o - 4. Let f(u) = -5*u**3 + 11*u**2 + 30*u + 1. Let d(n) = -17*f(n) - 6*y(n). Determine d(-15).
7
Suppose 24*o + 0*o + 464 = 53*o. Let v(n) = 2*n**3 - 32*n**2 - n + 25. What is v(o)?
9
Let v(c) = -7*c - 4. Let u(h) = 1. Let f(q) = 2*u(q) + v(q). Suppose 379*d - 1515 = 380. Determine f(d).
-37
Let m(b) = -b + 14. Let h be (-11 - -4) + 22 - 1. Suppose -h = 7*g - 8*g - 4*f, 39 = 4*g - f. What is m(g)?
4
Let d(o) be the second derivative of -2/3*o**4 - 39*o - 4/3*o**3 + 0 + 3*o**2 - 1/20*o**5. Calculate d(-7).
13
Let h(c) = 13*c + 5. Let d(p) = -10*p - 35. Let t be d(-4). Let f(b) = 31*b + 10. Let g(j) = t*h(j) - 2*f(j). Give g(7).
26
Let y(f) be the second derivative of -f**5/60 + f**4/4 + 5*f**3/6 + 51*f**2/2 + 27*f + 1. Let t(u) be the first derivative of y(u). What is t(5)?
10
